{"id":3914,"date":"2023-10-10T19:11:44","date_gmt":"2023-10-10T16:11:44","guid":{"rendered":"http:\/\/shhj.info\/?page_id=3914"},"modified":"2023-10-10T19:23:13","modified_gmt":"2023-10-10T16:23:13","slug":"metsapaivan-poytakirjat-ja-sanalliset-selostukset-harmaa-norjanhirvikoira-2023","status":"publish","type":"page","link":"https:\/\/shhj.info\/?page_id=3914","title":{"rendered":"Mets\u00e4p\u00e4iv\u00e4n p\u00f6yt\u00e4kirjat ja sanalliset selostukset harmaa norjanhirvikoira 2023"},"content":{"rendered":"<p><a href=\"http:\/\/shhj.info\/wp\/wp-content\/uploads\/2023\/10\/Koirakohtainen-Jago.pdf\" target=\"_blank\" rel=\"noopener\">Jago,<\/a> <a href=\"http:\/\/shhj.info\/wp\/wp-content\/uploads\/2023\/10\/Lisaliite-Jago.pdf\" target=\"_blank\" rel=\"noopener\">sanallinen kertomus<\/a><\/p>\n<p><a href=\"http:\/\/shhj.info\/wp\/wp-content\/uploads\/2023\/10\/Koirakohtainen-Joonellin-Hupi.pdf\" target=\"_blank\" rel=\"noopener\">Joonellin Hupi,<\/a> <a href=\"http:\/\/shhj.info\/wp\/wp-content\/uploads\/2023\/10\/Lisaliite-Joonellin-Hupi.pdf\" target=\"_blank\" rel=\"noopener\">sanallinen kertomus<\/a><\/p>\n<p><a href=\"http:\/\/shhj.info\/wp\/wp-content\/uploads\/2023\/10\/Koirakohtainen-poytakirja_Jarventaustan-Jager.pdf\" target=\"_blank\" rel=\"noopener\">J\u00e4rventaustan Jager,<\/a> <a href=\"http:\/\/shhj.info\/wp\/wp-content\/uploads\/2023\/10\/Maastopaiva_lisaliite_Jarventaustan-Jager.pdf\" target=\"_blank\" rel=\"noopener\">sanallinen kertomus<\/a><\/p>\n<p><a href=\"http:\/\/shhj.info\/wp\/wp-content\/uploads\/2023\/10\/Koirakohtainen-Kaarnakorven-Sisu-Iivo.pdf\" target=\"_blank\" rel=\"noopener\">Kaarnakorven Sisu-Iivo,<\/a> <a href=\"http:\/\/shhj.info\/wp\/wp-content\/uploads\/2023\/10\/Lisaliite-Kaarnakorven-Sisu-Iivo.pdf\" target=\"_blank\" rel=\"noopener\">sanallinen kertomus<\/a><\/p>\n<p><a href=\"http:\/\/shhj.info\/wp\/wp-content\/uploads\/2023\/10\/Koirakohtainen-poytakirja_Katajanevan-Kapu.pdf\" target=\"_blank\" rel=\"noopener\">Katajanevan Kapu,<\/a> <a href=\"http:\/\/shhj.info\/wp\/wp-content\/uploads\/2023\/10\/Maastopaiva_lisaliite_Katajanevan-Kapu.pdf\" target=\"_blank\" rel=\"noopener\">sanallinen kertomus<\/a><\/p>\n<p><a href=\"http:\/\/shhj.info\/wp\/wp-content\/uploads\/2023\/10\/Koirakohtainen-poytakirja_Lehtikankaan-Poju.pdf\" target=\"_blank\" rel=\"noopener\">Lehtikankaan Poju,<\/a> <a href=\"http:\/\/shhj.info\/wp\/wp-content\/uploads\/2023\/10\/Maastopaiva_lisaliite_Lehtikankaan-Poju.pdf\" target=\"_blank\" rel=\"noopener\">sanallinen kertomus<\/a><\/p>\n<p><a href=\"http:\/\/shhj.info\/wp\/wp-content\/uploads\/2023\/10\/Koirakohtainen-Loytonevan-Miro.pdf\" target=\"_blank\" rel=\"noopener\">L\u00f6yt\u00f6nevan Miro,<\/a> <a href=\"http:\/\/shhj.info\/wp\/wp-content\/uploads\/2023\/10\/Lisaliite-Loytonevan-Miro.pdf\" target=\"_blank\" rel=\"noopener\">sanallinen kertomus<\/a><\/p>\n<p><a href=\"http:\/\/shhj.info\/wp\/wp-content\/uploads\/2023\/10\/Koirakohtainen-Mustikkaharjun-Leka.pdf\" target=\"_blank\" rel=\"noopener\">Mustikkaharjun Leka,<\/a> <a href=\"http:\/\/shhj.info\/wp\/wp-content\/uploads\/2023\/10\/Lisaliite-Mustikkaharjun-Leka.pdf\" target=\"_blank\" rel=\"noopener\">sanallinen kertomus<\/a><\/p>\n<p><a href=\"http:\/\/shhj.info\/wp\/wp-content\/uploads\/2023\/10\/Koirakohtainen-poytakirja_Myrskogens-Kenso.pdf\" target=\"_blank\" rel=\"noopener\">Myrskogens Kenso,<\/a> <a href=\"http:\/\/shhj.info\/wp\/wp-content\/uploads\/2023\/10\/Maastopaiva_lisaliite_Myrskogens-Kenso.pdf\" target=\"_blank\" rel=\"noopener\">sanallinen kertomus<\/a><\/p>\n<p><a href=\"http:\/\/shhj.info\/wp\/wp-content\/uploads\/2023\/10\/Koirakohtainen-Nitamuksen-Bottas.pdf\" target=\"_blank\" rel=\"noopener\">Nitamuksen Bottas,<\/a> <a href=\"http:\/\/shhj.info\/wp\/wp-content\/uploads\/2023\/10\/Lisaliite-Nitamuksen-Bottas.pdf\" target=\"_blank\" rel=\"noopener\">sanallinen kertomus<\/a><\/p>\n<p><a href=\"http:\/\/shhj.info\/wp\/wp-content\/uploads\/2023\/10\/Koirakohtainen-poytakirja_Pihlakuksan-Eetvartti.pdf\" target=\"_blank\" rel=\"noopener\">Pihlakuksan Eetvartti,<\/a> <a href=\"http:\/\/shhj.info\/wp\/wp-content\/uploads\/2023\/10\/Maastopaiva_lisaliite_Pihlakuksan-Eetvartti.pdf\" target=\"_blank\" rel=\"noopener\">sanallinen kertomus<\/a><\/p>\n<p><a href=\"http:\/\/shhj.info\/wp\/wp-content\/uploads\/2023\/10\/Koirakohtainen-Repovainion-Ami.pdf\" target=\"_blank\" rel=\"noopener\">Repovainion Ami,<\/a> <a href=\"http:\/\/shhj.info\/wp\/wp-content\/uploads\/2023\/10\/Lisaliite-Repovainion-Ami.pdf\" target=\"_blank\" rel=\"noopener\">sanallinen kertomus<\/a><\/p>\n<p><a href=\"http:\/\/shhj.info\/wp\/wp-content\/uploads\/2023\/10\/Koirakohtainen-poytakirja_Tuhkatien-Tuli.pdf\" target=\"_blank\" rel=\"noopener\">Tuhkatien Tuli,<\/a> <a href=\"http:\/\/shhj.info\/wp\/wp-content\/uploads\/2023\/10\/Maastopaiva_lisaliite_-Tuhkatien-Tuli.pdf\" target=\"_blank\" rel=\"noopener\">sanallinen kertomus<\/a><\/p>\n","protected":false},"excerpt":{"rendered":"<p>Jago, sanallinen kertomus Joonellin Hupi, sanallinen kertomus J\u00e4rventaustan Jager, sanallinen kertomus Kaarnakorven Sisu-Iivo, sanallinen kertomus Katajanevan Kapu, sanallinen kertomus Lehtikankaan Poju, sanallinen kertomus L\u00f6yt\u00f6nevan Miro, sanallinen kertomus Mustikkaharjun Leka, sanallinen kertomus Myrskogens Kenso, sanallinen kertomus Nitamuksen Bottas, sanallinen kertomus Pihlakuksan Eetvartti, sanallinen kertomus Repovainion Ami, sanallinen kertomus Tuhkatien Tuli, sanallinen kertomus<\/p>\n","protected":false},"author":1,"featured_media":0,"parent":0,"menu_order":0,"comment_status":"closed","ping_status":"closed","template":"page-scs.php","meta":{"footnotes":""},"class_list":["post-3914","page","type-page","status-publish","hentry"],"yoast_head":"<!-- This site is optimized with the Yoast SEO plugin v26.6 - https:\/\/yoast.com\/wordpress\/plugins\/seo\/ -->\n<title>Mets\u00e4p\u00e4iv\u00e4n p\u00f6yt\u00e4kirjat ja sanalliset selostukset harmaa norjanhirvikoira 2023 - Suomen Harmaahirvikoiraj\u00e4rjest\u00f6 - SHHJ FJGK<\/title>\n<meta name=\"robots\" content=\"index, follow, max-snippet:-1, max-image-preview:large, max-video-preview:-1\" \/>\n<link rel=\"canonical\" href=\"https:\/\/shhj.info\/?page_id=3914\" \/>\n<meta property=\"og:locale\" content=\"fi_FI\" \/>\n<meta property=\"og:type\" content=\"article\" \/>\n<meta property=\"og:title\" content=\"Mets\u00e4p\u00e4iv\u00e4n p\u00f6yt\u00e4kirjat ja sanalliset selostukset harmaa norjanhirvikoira 2023 - Suomen Harmaahirvikoiraj\u00e4rjest\u00f6 - SHHJ FJGK\" \/>\n<meta property=\"og:description\" content=\"Jago, sanallinen kertomus Joonellin Hupi, sanallinen kertomus J\u00e4rventaustan Jager, sanallinen kertomus Kaarnakorven Sisu-Iivo, sanallinen kertomus Katajanevan Kapu, sanallinen kertomus Lehtikankaan Poju, sanallinen kertomus L\u00f6yt\u00f6nevan Miro, sanallinen kertomus Mustikkaharjun Leka, sanallinen kertomus Myrskogens Kenso, sanallinen kertomus Nitamuksen Bottas, sanallinen kertomus Pihlakuksan Eetvartti, sanallinen kertomus Repovainion Ami, sanallinen kertomus Tuhkatien Tuli, sanallinen kertomus\" \/>\n<meta property=\"og:url\" content=\"https:\/\/shhj.info\/?page_id=3914\" \/>\n<meta property=\"og:site_name\" content=\"Suomen Harmaahirvikoiraj\u00e4rjest\u00f6 - SHHJ FJGK\" \/>\n<meta property=\"article:publisher\" content=\"https:\/\/www.facebook.com\/groups\/115740178447653\/\" \/>\n<meta property=\"article:modified_time\" content=\"2023-10-10T16:23:13+00:00\" \/>\n<meta property=\"og:image\" content=\"https:\/\/shhj.info\/wp\/wp-content\/uploads\/2015\/04\/etu_pentu.jpg\" \/>\n\t<meta property=\"og:image:width\" content=\"567\" \/>\n\t<meta property=\"og:image:height\" content=\"594\" \/>\n\t<meta property=\"og:image:type\" content=\"image\/jpeg\" \/>\n<meta name=\"twitter:card\" content=\"summary_large_image\" \/>\n<script type=\"application\/ld+json\" class=\"yoast-schema-graph\">{\"@context\":\"https:\/\/schema.org\",\"@graph\":[{\"@type\":\"WebPage\",\"@id\":\"https:\/\/shhj.info\/?page_id=3914\",\"url\":\"https:\/\/shhj.info\/?page_id=3914\",\"name\":\"Mets\u00e4p\u00e4iv\u00e4n p\u00f6yt\u00e4kirjat ja sanalliset selostukset harmaa norjanhirvikoira 2023 - Suomen Harmaahirvikoiraj\u00e4rjest\u00f6 - SHHJ FJGK\",\"isPartOf\":{\"@id\":\"https:\/\/shhj.info\/#website\"},\"datePublished\":\"2023-10-10T16:11:44+00:00\",\"dateModified\":\"2023-10-10T16:23:13+00:00\",\"breadcrumb\":{\"@id\":\"https:\/\/shhj.info\/?page_id=3914#breadcrumb\"},\"inLanguage\":\"fi\",\"potentialAction\":[{\"@type\":\"ReadAction\",\"target\":[\"https:\/\/shhj.info\/?page_id=3914\"]}]},{\"@type\":\"BreadcrumbList\",\"@id\":\"https:\/\/shhj.info\/?page_id=3914#breadcrumb\",\"itemListElement\":[{\"@type\":\"ListItem\",\"position\":1,\"name\":\"Etusivu\",\"item\":\"https:\/\/shhj.info\/\"},{\"@type\":\"ListItem\",\"position\":2,\"name\":\"Mets\u00e4p\u00e4iv\u00e4n p\u00f6yt\u00e4kirjat ja sanalliset selostukset harmaa norjanhirvikoira 2023\"}]},{\"@type\":\"WebSite\",\"@id\":\"https:\/\/shhj.info\/#website\",\"url\":\"https:\/\/shhj.info\/\",\"name\":\"Suomen Harmaahirvikoiraj\u00e4rjest\u00f6 - SHHJ FJGK\",\"description\":\"parhaiden hirvikoirarotujen rotuj\u00e4rjest\u00f6 Suomessa\",\"publisher\":{\"@id\":\"https:\/\/shhj.info\/#organization\"},\"alternateName\":\"SHHJ FJGK\",\"potentialAction\":[{\"@type\":\"SearchAction\",\"target\":{\"@type\":\"EntryPoint\",\"urlTemplate\":\"https:\/\/shhj.info\/?s={search_term_string}\"},\"query-input\":{\"@type\":\"PropertyValueSpecification\",\"valueRequired\":true,\"valueName\":\"search_term_string\"}}],\"inLanguage\":\"fi\"},{\"@type\":\"Organization\",\"@id\":\"https:\/\/shhj.info\/#organization\",\"name\":\"Suomen Harmaahirvikoiraj\u00e4rjest\u00f6 - SHHJ FJGK\",\"url\":\"https:\/\/shhj.info\/\",\"logo\":{\"@type\":\"ImageObject\",\"inLanguage\":\"fi\",\"@id\":\"https:\/\/shhj.info\/#\/schema\/logo\/image\/\",\"url\":\"http:\/\/shhj.info\/wp\/wp-content\/uploads\/2018\/12\/logo.gif\",\"contentUrl\":\"http:\/\/shhj.info\/wp\/wp-content\/uploads\/2018\/12\/logo.gif\",\"width\":169,\"height\":166,\"caption\":\"Suomen Harmaahirvikoiraj\u00e4rjest\u00f6 - SHHJ FJGK\"},\"image\":{\"@id\":\"https:\/\/shhj.info\/#\/schema\/logo\/image\/\"},\"sameAs\":[\"https:\/\/www.facebook.com\/groups\/115740178447653\/\"]}]}<\/script>\n<!-- \/ Yoast SEO plugin. -->","yoast_head_json":{"title":"Mets\u00e4p\u00e4iv\u00e4n p\u00f6yt\u00e4kirjat ja sanalliset selostukset harmaa norjanhirvikoira 2023 - Suomen Harmaahirvikoiraj\u00e4rjest\u00f6 - SHHJ FJGK","robots":{"index":"index","follow":"follow","max-snippet":"max-snippet:-1","max-image-preview":"max-image-preview:large","max-video-preview":"max-video-preview:-1"},"canonical":"https:\/\/shhj.info\/?page_id=3914","og_locale":"fi_FI","og_type":"article","og_title":"Mets\u00e4p\u00e4iv\u00e4n p\u00f6yt\u00e4kirjat ja sanalliset selostukset harmaa norjanhirvikoira 2023 - Suomen Harmaahirvikoiraj\u00e4rjest\u00f6 - SHHJ FJGK","og_description":"Jago, sanallinen kertomus Joonellin Hupi, sanallinen kertomus J\u00e4rventaustan Jager, sanallinen kertomus Kaarnakorven Sisu-Iivo, sanallinen kertomus Katajanevan Kapu, sanallinen kertomus Lehtikankaan Poju, sanallinen kertomus L\u00f6yt\u00f6nevan Miro, sanallinen kertomus Mustikkaharjun Leka, sanallinen kertomus Myrskogens Kenso, sanallinen kertomus Nitamuksen Bottas, sanallinen kertomus Pihlakuksan Eetvartti, sanallinen kertomus Repovainion Ami, sanallinen kertomus Tuhkatien Tuli, sanallinen kertomus","og_url":"https:\/\/shhj.info\/?page_id=3914","og_site_name":"Suomen Harmaahirvikoiraj\u00e4rjest\u00f6 - SHHJ FJGK","article_publisher":"https:\/\/www.facebook.com\/groups\/115740178447653\/","article_modified_time":"2023-10-10T16:23:13+00:00","og_image":[{"width":567,"height":594,"url":"https:\/\/shhj.info\/wp\/wp-content\/uploads\/2015\/04\/etu_pentu.jpg","type":"image\/jpeg"}],"twitter_card":"summary_large_image","schema":{"@context":"https:\/\/schema.org","@graph":[{"@type":"WebPage","@id":"https:\/\/shhj.info\/?page_id=3914","url":"https:\/\/shhj.info\/?page_id=3914","name":"Mets\u00e4p\u00e4iv\u00e4n p\u00f6yt\u00e4kirjat ja sanalliset selostukset harmaa norjanhirvikoira 2023 - Suomen Harmaahirvikoiraj\u00e4rjest\u00f6 - SHHJ FJGK","isPartOf":{"@id":"https:\/\/shhj.info\/#website"},"datePublished":"2023-10-10T16:11:44+00:00","dateModified":"2023-10-10T16:23:13+00:00","breadcrumb":{"@id":"https:\/\/shhj.info\/?page_id=3914#breadcrumb"},"inLanguage":"fi","potentialAction":[{"@type":"ReadAction","target":["https:\/\/shhj.info\/?page_id=3914"]}]},{"@type":"BreadcrumbList","@id":"https:\/\/shhj.info\/?page_id=3914#breadcrumb","itemListElement":[{"@type":"ListItem","position":1,"name":"Etusivu","item":"https:\/\/shhj.info\/"},{"@type":"ListItem","position":2,"name":"Mets\u00e4p\u00e4iv\u00e4n p\u00f6yt\u00e4kirjat ja sanalliset selostukset harmaa norjanhirvikoira 2023"}]},{"@type":"WebSite","@id":"https:\/\/shhj.info\/#website","url":"https:\/\/shhj.info\/","name":"Suomen Harmaahirvikoiraj\u00e4rjest\u00f6 - SHHJ FJGK","description":"parhaiden hirvikoirarotujen rotuj\u00e4rjest\u00f6 Suomessa","publisher":{"@id":"https:\/\/shhj.info\/#organization"},"alternateName":"SHHJ FJGK","potentialAction":[{"@type":"SearchAction","target":{"@type":"EntryPoint","urlTemplate":"https:\/\/shhj.info\/?s={search_term_string}"},"query-input":{"@type":"PropertyValueSpecification","valueRequired":true,"valueName":"search_term_string"}}],"inLanguage":"fi"},{"@type":"Organization","@id":"https:\/\/shhj.info\/#organization","name":"Suomen Harmaahirvikoiraj\u00e4rjest\u00f6 - SHHJ FJGK","url":"https:\/\/shhj.info\/","logo":{"@type":"ImageObject","inLanguage":"fi","@id":"https:\/\/shhj.info\/#\/schema\/logo\/image\/","url":"http:\/\/shhj.info\/wp\/wp-content\/uploads\/2018\/12\/logo.gif","contentUrl":"http:\/\/shhj.info\/wp\/wp-content\/uploads\/2018\/12\/logo.gif","width":169,"height":166,"caption":"Suomen Harmaahirvikoiraj\u00e4rjest\u00f6 - SHHJ FJGK"},"image":{"@id":"https:\/\/shhj.info\/#\/schema\/logo\/image\/"},"sameAs":["https:\/\/www.facebook.com\/groups\/115740178447653\/"]}]}},"_links":{"self":[{"href":"https:\/\/shhj.info\/index.php?rest_route=\/wp\/v2\/pages\/3914","targetHints":{"allow":["GET"]}}],"collection":[{"href":"https:\/\/shhj.info\/index.php?rest_route=\/wp\/v2\/pages"}],"about":[{"href":"https:\/\/shhj.info\/index.php?rest_route=\/wp\/v2\/types\/page"}],"author":[{"embeddable":true,"href":"https:\/\/shhj.info\/index.php?rest_route=\/wp\/v2\/users\/1"}],"replies":[{"embeddable":true,"href":"https:\/\/shhj.info\/index.php?rest_route=%2Fwp%2Fv2%2Fcomments&post=3914"}],"version-history":[{"count":4,"href":"https:\/\/shhj.info\/index.php?rest_route=\/wp\/v2\/pages\/3914\/revisions"}],"predecessor-version":[{"id":3944,"href":"https:\/\/shhj.info\/index.php?rest_route=\/wp\/v2\/pages\/3914\/revisions\/3944"}],"wp:attachment":[{"href":"https:\/\/shhj.info\/index.php?rest_route=%2Fwp%2Fv2%2Fmedia&parent=3914"}],"curies":[{"name":"wp","href":"https:\/\/api.w.org\/{rel}","templated":true}]}}