{"id":38,"date":"2015-04-18T23:13:26","date_gmt":"2015-04-18T20:13:26","guid":{"rendered":"http:\/\/www.shhj.info\/wp\/?page_id=38"},"modified":"2015-04-22T13:25:33","modified_gmt":"2015-04-22T10:25:33","slug":"musta-norjanhirvikoira","status":"publish","type":"page","link":"https:\/\/shhj.info\/?page_id=38","title":{"rendered":"Musta norjanhirvikoira"},"content":{"rendered":"<p><img loading=\"lazy\" decoding=\"async\" class=\"alignright wp-image-153 size-full\" src=\"http:\/\/www.shhj.info\/wp\/wp-content\/uploads\/2015\/04\/mustarm.jpg\" alt=\"\" width=\"169\" height=\"121\" \/>Musta norjanhirvikoira on \u00a0harvinainen hirvikoirarotu. El\u00e4v\u00e4n koiramateriaalin n\u00e4keminen meill\u00e4 Suomessa ja koiran synnyinsijoilla on sattuman kauppaa. Koiraa rekister\u00f6id\u00e4\u00e4n alkuper\u00e4maassaan noin 100 kappaletta vuosittain ja Ruotsissa muutamia.<\/p>\n<p>Rotu on kotoisin Norjan it\u00e4- osista rajoittuen Ruotsin J\u00e4mtlantiin ja Taalainmaan saloseutuihin. Koiran synnyinalueella kuvattuihin koiriin n\u00e4hden vertailtaessa voidaan n\u00e4hd\u00e4 selvi\u00e4 yht\u00e4l\u00e4isyyksi\u00e4 Ruotsin Lapphundiin. Ennenh\u00e4n on pidetty sukulaisuutta harmaaseen todenn\u00e4k\u00f6isen\u00e4.<\/p>\n<p>Rotuna musta riistakoira esiteltiin v. 1877. Rotum\u00e4\u00e4ritelm\u00e4 sille saatiin v. 1895. K\u00e4ytt\u00f6tarkoituksena alkuaikoina oli haukkua lintua ja my\u00f6s nelijalkaista riistaa, kuten hirve\u00e4 ja karhua. Nykyisin koiraa k\u00e4ytet\u00e4\u00e4n pelk\u00e4st\u00e4\u00e4n hirven pyyntiin kytkykoirana. Kokemusten perusteella musta hirvikoira on normaalilla pyyntimuodolla haukulla ollessaan harmaata tulisempi.<br \/>\n<em>(Hirvikoira- lehti 2\/1993)<\/em><\/p>\n","protected":false},"excerpt":{"rendered":"<p>Musta norjanhirvikoira on \u00a0harvinainen hirvikoirarotu. El\u00e4v\u00e4n koiramateriaalin n\u00e4keminen meill\u00e4 Suomessa ja koiran synnyinsijoilla on sattuman kauppaa. Koiraa rekister\u00f6id\u00e4\u00e4n alkuper\u00e4maassaan noin 100 kappaletta vuosittain ja Ruotsissa muutamia. Rotu on kotoisin Norjan it\u00e4- osista rajoittuen Ruotsin J\u00e4mtlantiin ja Taalainmaan saloseutuihin. Koiran synnyinalueella kuvattuihin koiriin n\u00e4hden vertailtaessa voidaan n\u00e4hd\u00e4 selvi\u00e4 yht\u00e4l\u00e4isyyksi\u00e4 Ruotsin Lapphundiin. Ennenh\u00e4n on pidetty sukulaisuutta harmaaseen [&hellip;]<\/p>\n","protected":false},"author":1,"featured_media":0,"parent":0,"menu_order":0,"comment_status":"closed","ping_status":"closed","template":"page-scs.php","meta":{"footnotes":""},"class_list":["post-38","page","type-page","status-publish","hentry"],"yoast_head":"<!-- This site is optimized with the Yoast SEO plugin v26.6 - https:\/\/yoast.com\/wordpress\/plugins\/seo\/ -->\n<title>Musta norjanhirvikoira - Suomen Harmaahirvikoiraj\u00e4rjest\u00f6 - SHHJ FJGK<\/title>\n<meta name=\"robots\" content=\"index, follow, max-snippet:-1, max-image-preview:large, max-video-preview:-1\" \/>\n<link rel=\"canonical\" href=\"https:\/\/shhj.info\/?page_id=38\" \/>\n<meta property=\"og:locale\" content=\"fi_FI\" \/>\n<meta property=\"og:type\" content=\"article\" \/>\n<meta property=\"og:title\" content=\"Musta norjanhirvikoira - Suomen Harmaahirvikoiraj\u00e4rjest\u00f6 - SHHJ FJGK\" \/>\n<meta property=\"og:description\" content=\"Musta norjanhirvikoira on \u00a0harvinainen hirvikoirarotu. El\u00e4v\u00e4n koiramateriaalin n\u00e4keminen meill\u00e4 Suomessa ja koiran synnyinsijoilla on sattuman kauppaa. Koiraa rekister\u00f6id\u00e4\u00e4n alkuper\u00e4maassaan noin 100 kappaletta vuosittain ja Ruotsissa muutamia. Rotu on kotoisin Norjan it\u00e4- osista rajoittuen Ruotsin J\u00e4mtlantiin ja Taalainmaan saloseutuihin. Koiran synnyinalueella kuvattuihin koiriin n\u00e4hden vertailtaessa voidaan n\u00e4hd\u00e4 selvi\u00e4 yht\u00e4l\u00e4isyyksi\u00e4 Ruotsin Lapphundiin. Ennenh\u00e4n on pidetty sukulaisuutta harmaaseen [&hellip;]\" \/>\n<meta property=\"og:url\" content=\"https:\/\/shhj.info\/?page_id=38\" \/>\n<meta property=\"og:site_name\" content=\"Suomen Harmaahirvikoiraj\u00e4rjest\u00f6 - SHHJ FJGK\" \/>\n<meta property=\"article:publisher\" content=\"https:\/\/www.facebook.com\/groups\/115740178447653\/\" \/>\n<meta property=\"article:modified_time\" content=\"2015-04-22T10:25:33+00:00\" \/>\n<meta property=\"og:image\" content=\"http:\/\/www.shhj.info\/wp\/wp-content\/uploads\/2015\/04\/mustarm.jpg\" \/>\n<meta name=\"twitter:card\" content=\"summary_large_image\" \/>\n<meta name=\"twitter:label1\" content=\"Arvioitu lukuaika\" \/>\n\t<meta name=\"twitter:data1\" content=\"1 minuutti\" \/>\n<script type=\"application\/ld+json\" class=\"yoast-schema-graph\">{\"@context\":\"https:\/\/schema.org\",\"@graph\":[{\"@type\":\"WebPage\",\"@id\":\"https:\/\/shhj.info\/?page_id=38\",\"url\":\"https:\/\/shhj.info\/?page_id=38\",\"name\":\"Musta norjanhirvikoira - Suomen Harmaahirvikoiraj\u00e4rjest\u00f6 - SHHJ FJGK\",\"isPartOf\":{\"@id\":\"https:\/\/shhj.info\/#website\"},\"primaryImageOfPage\":{\"@id\":\"https:\/\/shhj.info\/?page_id=38#primaryimage\"},\"image\":{\"@id\":\"https:\/\/shhj.info\/?page_id=38#primaryimage\"},\"thumbnailUrl\":\"http:\/\/www.shhj.info\/wp\/wp-content\/uploads\/2015\/04\/mustarm.jpg\",\"datePublished\":\"2015-04-18T20:13:26+00:00\",\"dateModified\":\"2015-04-22T10:25:33+00:00\",\"breadcrumb\":{\"@id\":\"https:\/\/shhj.info\/?page_id=38#breadcrumb\"},\"inLanguage\":\"fi\",\"potentialAction\":[{\"@type\":\"ReadAction\",\"target\":[\"https:\/\/shhj.info\/?page_id=38\"]}]},{\"@type\":\"ImageObject\",\"inLanguage\":\"fi\",\"@id\":\"https:\/\/shhj.info\/?page_id=38#primaryimage\",\"url\":\"http:\/\/www.shhj.info\/wp\/wp-content\/uploads\/2015\/04\/mustarm.jpg\",\"contentUrl\":\"http:\/\/www.shhj.info\/wp\/wp-content\/uploads\/2015\/04\/mustarm.jpg\"},{\"@type\":\"BreadcrumbList\",\"@id\":\"https:\/\/shhj.info\/?page_id=38#breadcrumb\",\"itemListElement\":[{\"@type\":\"ListItem\",\"position\":1,\"name\":\"Etusivu\",\"item\":\"https:\/\/shhj.info\/\"},{\"@type\":\"ListItem\",\"position\":2,\"name\":\"Musta norjanhirvikoira\"}]},{\"@type\":\"WebSite\",\"@id\":\"https:\/\/shhj.info\/#website\",\"url\":\"https:\/\/shhj.info\/\",\"name\":\"Suomen Harmaahirvikoiraj\u00e4rjest\u00f6 - SHHJ FJGK\",\"description\":\"parhaiden hirvikoirarotujen rotuj\u00e4rjest\u00f6 Suomessa\",\"publisher\":{\"@id\":\"https:\/\/shhj.info\/#organization\"},\"alternateName\":\"SHHJ FJGK\",\"potentialAction\":[{\"@type\":\"SearchAction\",\"target\":{\"@type\":\"EntryPoint\",\"urlTemplate\":\"https:\/\/shhj.info\/?s={search_term_string}\"},\"query-input\":{\"@type\":\"PropertyValueSpecification\",\"valueRequired\":true,\"valueName\":\"search_term_string\"}}],\"inLanguage\":\"fi\"},{\"@type\":\"Organization\",\"@id\":\"https:\/\/shhj.info\/#organization\",\"name\":\"Suomen Harmaahirvikoiraj\u00e4rjest\u00f6 - SHHJ FJGK\",\"url\":\"https:\/\/shhj.info\/\",\"logo\":{\"@type\":\"ImageObject\",\"inLanguage\":\"fi\",\"@id\":\"https:\/\/shhj.info\/#\/schema\/logo\/image\/\",\"url\":\"http:\/\/shhj.info\/wp\/wp-content\/uploads\/2018\/12\/logo.gif\",\"contentUrl\":\"http:\/\/shhj.info\/wp\/wp-content\/uploads\/2018\/12\/logo.gif\",\"width\":169,\"height\":166,\"caption\":\"Suomen Harmaahirvikoiraj\u00e4rjest\u00f6 - SHHJ FJGK\"},\"image\":{\"@id\":\"https:\/\/shhj.info\/#\/schema\/logo\/image\/\"},\"sameAs\":[\"https:\/\/www.facebook.com\/groups\/115740178447653\/\"]}]}<\/script>\n<!-- \/ Yoast SEO plugin. -->","yoast_head_json":{"title":"Musta norjanhirvikoira - Suomen Harmaahirvikoiraj\u00e4rjest\u00f6 - SHHJ FJGK","robots":{"index":"index","follow":"follow","max-snippet":"max-snippet:-1","max-image-preview":"max-image-preview:large","max-video-preview":"max-video-preview:-1"},"canonical":"https:\/\/shhj.info\/?page_id=38","og_locale":"fi_FI","og_type":"article","og_title":"Musta norjanhirvikoira - Suomen Harmaahirvikoiraj\u00e4rjest\u00f6 - SHHJ FJGK","og_description":"Musta norjanhirvikoira on \u00a0harvinainen hirvikoirarotu. El\u00e4v\u00e4n koiramateriaalin n\u00e4keminen meill\u00e4 Suomessa ja koiran synnyinsijoilla on sattuman kauppaa. Koiraa rekister\u00f6id\u00e4\u00e4n alkuper\u00e4maassaan noin 100 kappaletta vuosittain ja Ruotsissa muutamia. Rotu on kotoisin Norjan it\u00e4- osista rajoittuen Ruotsin J\u00e4mtlantiin ja Taalainmaan saloseutuihin. Koiran synnyinalueella kuvattuihin koiriin n\u00e4hden vertailtaessa voidaan n\u00e4hd\u00e4 selvi\u00e4 yht\u00e4l\u00e4isyyksi\u00e4 Ruotsin Lapphundiin. Ennenh\u00e4n on pidetty sukulaisuutta harmaaseen [&hellip;]","og_url":"https:\/\/shhj.info\/?page_id=38","og_site_name":"Suomen Harmaahirvikoiraj\u00e4rjest\u00f6 - SHHJ FJGK","article_publisher":"https:\/\/www.facebook.com\/groups\/115740178447653\/","article_modified_time":"2015-04-22T10:25:33+00:00","og_image":[{"url":"http:\/\/www.shhj.info\/wp\/wp-content\/uploads\/2015\/04\/mustarm.jpg","type":"","width":"","height":""}],"twitter_card":"summary_large_image","twitter_misc":{"Arvioitu lukuaika":"1 minuutti"},"schema":{"@context":"https:\/\/schema.org","@graph":[{"@type":"WebPage","@id":"https:\/\/shhj.info\/?page_id=38","url":"https:\/\/shhj.info\/?page_id=38","name":"Musta norjanhirvikoira - Suomen Harmaahirvikoiraj\u00e4rjest\u00f6 - SHHJ FJGK","isPartOf":{"@id":"https:\/\/shhj.info\/#website"},"primaryImageOfPage":{"@id":"https:\/\/shhj.info\/?page_id=38#primaryimage"},"image":{"@id":"https:\/\/shhj.info\/?page_id=38#primaryimage"},"thumbnailUrl":"http:\/\/www.shhj.info\/wp\/wp-content\/uploads\/2015\/04\/mustarm.jpg","datePublished":"2015-04-18T20:13:26+00:00","dateModified":"2015-04-22T10:25:33+00:00","breadcrumb":{"@id":"https:\/\/shhj.info\/?page_id=38#breadcrumb"},"inLanguage":"fi","potentialAction":[{"@type":"ReadAction","target":["https:\/\/shhj.info\/?page_id=38"]}]},{"@type":"ImageObject","inLanguage":"fi","@id":"https:\/\/shhj.info\/?page_id=38#primaryimage","url":"http:\/\/www.shhj.info\/wp\/wp-content\/uploads\/2015\/04\/mustarm.jpg","contentUrl":"http:\/\/www.shhj.info\/wp\/wp-content\/uploads\/2015\/04\/mustarm.jpg"},{"@type":"BreadcrumbList","@id":"https:\/\/shhj.info\/?page_id=38#breadcrumb","itemListElement":[{"@type":"ListItem","position":1,"name":"Etusivu","item":"https:\/\/shhj.info\/"},{"@type":"ListItem","position":2,"name":"Musta norjanhirvikoira"}]},{"@type":"WebSite","@id":"https:\/\/shhj.info\/#website","url":"https:\/\/shhj.info\/","name":"Suomen Harmaahirvikoiraj\u00e4rjest\u00f6 - SHHJ FJGK","description":"parhaiden hirvikoirarotujen rotuj\u00e4rjest\u00f6 Suomessa","publisher":{"@id":"https:\/\/shhj.info\/#organization"},"alternateName":"SHHJ FJGK","potentialAction":[{"@type":"SearchAction","target":{"@type":"EntryPoint","urlTemplate":"https:\/\/shhj.info\/?s={search_term_string}"},"query-input":{"@type":"PropertyValueSpecification","valueRequired":true,"valueName":"search_term_string"}}],"inLanguage":"fi"},{"@type":"Organization","@id":"https:\/\/shhj.info\/#organization","name":"Suomen Harmaahirvikoiraj\u00e4rjest\u00f6 - SHHJ FJGK","url":"https:\/\/shhj.info\/","logo":{"@type":"ImageObject","inLanguage":"fi","@id":"https:\/\/shhj.info\/#\/schema\/logo\/image\/","url":"http:\/\/shhj.info\/wp\/wp-content\/uploads\/2018\/12\/logo.gif","contentUrl":"http:\/\/shhj.info\/wp\/wp-content\/uploads\/2018\/12\/logo.gif","width":169,"height":166,"caption":"Suomen Harmaahirvikoiraj\u00e4rjest\u00f6 - SHHJ FJGK"},"image":{"@id":"https:\/\/shhj.info\/#\/schema\/logo\/image\/"},"sameAs":["https:\/\/www.facebook.com\/groups\/115740178447653\/"]}]}},"_links":{"self":[{"href":"https:\/\/shhj.info\/index.php?rest_route=\/wp\/v2\/pages\/38","targetHints":{"allow":["GET"]}}],"collection":[{"href":"https:\/\/shhj.info\/index.php?rest_route=\/wp\/v2\/pages"}],"about":[{"href":"https:\/\/shhj.info\/index.php?rest_route=\/wp\/v2\/types\/page"}],"author":[{"embeddable":true,"href":"https:\/\/shhj.info\/index.php?rest_route=\/wp\/v2\/users\/1"}],"replies":[{"embeddable":true,"href":"https:\/\/shhj.info\/index.php?rest_route=%2Fwp%2Fv2%2Fcomments&post=38"}],"version-history":[{"count":5,"href":"https:\/\/shhj.info\/index.php?rest_route=\/wp\/v2\/pages\/38\/revisions"}],"predecessor-version":[{"id":188,"href":"https:\/\/shhj.info\/index.php?rest_route=\/wp\/v2\/pages\/38\/revisions\/188"}],"wp:attachment":[{"href":"https:\/\/shhj.info\/index.php?rest_route=%2Fwp%2Fv2%2Fmedia&parent=38"}],"curies":[{"name":"wp","href":"https:\/\/api.w.org\/{rel}","templated":true}]}}