{"id":26,"date":"2015-04-18T23:12:30","date_gmt":"2015-04-18T20:12:30","guid":{"rendered":"http:\/\/www.shhj.info\/wp\/?page_id=26"},"modified":"2015-05-01T10:30:38","modified_gmt":"2015-05-01T07:30:38","slug":"harmaa-norjanhirvikoira","status":"publish","type":"page","link":"https:\/\/shhj.info\/?page_id=26","title":{"rendered":"Harmaa norjanhirvikoira"},"content":{"rendered":"<p><img loading=\"lazy\" decoding=\"async\" class=\" size-medium wp-image-173 alignright\" src=\"http:\/\/www.shhj.info\/wp\/wp-content\/uploads\/2015\/04\/harmaa_rotu-300x238.jpg\" alt=\"harmaa_rotu\" width=\"300\" height=\"238\" srcset=\"https:\/\/shhj.info\/wp\/wp-content\/uploads\/2015\/04\/harmaa_rotu-300x238.jpg 300w, https:\/\/shhj.info\/wp\/wp-content\/uploads\/2015\/04\/harmaa_rotu.jpg 850w\" sizes=\"auto, (max-width: 300px) 100vw, 300px\" \/>Ensimm\u00e4isi\u00e4 kirjoituksia t\u00e4m\u00e4n tyyppisist\u00e4 koirista l\u00f6ytyy 1800-luvun alusta, jolloin englantilainen Lloyd oli tavannut Norjassa harmaa norjanhirvikoiran tyyppisi\u00e4 koiria.\u00a0Koiran\u00e4yttelyss\u00e4 Norjassa esiintyi t\u00e4m\u00e4n tyyppisi\u00e4 koiria ensimm\u00e4isen kerran vuonna 1877.\u00a0Vuosisadan alussa ilmestyi ensimm\u00e4inen rotum\u00e4\u00e4ritelm\u00e4. Kantakoirana t\u00e4ss\u00e4 rodussa pidet\u00e4\u00e4n koiraa nimelt\u00e4 Gamle Bamse Gram.<\/p>\n<p>Vuosisadan 1800-1900 vaihteessa ruotsalais- norjalainen komitea sai ty\u00f6kseen selvitt\u00e4\u00e4, kuinka silloisista monimuotoisista hirvikoiravariaatioista saatettaisiin kehitt\u00e4\u00e4 yksi yht\u00e4l\u00e4inen hirvikoirarotu. Pystykorvaisia, kippurah\u00e4nt\u00e4isi\u00e4 riistan haukkujia kutsuttiin yleisnimell\u00e4 norlanninkoiriksi, Norlannin turkiskoiriksi tai j\u00e4mtlanninkoiriksi.<\/p>\n<p>Siin\u00e4 miss\u00e4 Ruotsin H\u00e4rjedalenissa k\u00e4ytettiin komiteasopimuksista piittaamatta vanhan taalainmaantyyppist\u00e4 kookasta koiraa, tarkensivat norjalaiset olemassa olevaa pystykorvakantaansa normien mukaiseksi.<\/p>\n<p>Vuonna 1946 katsottiin olevan olemassa kaksi erillist\u00e4, samankaltaista hirvikoirarotua, norjalaisten harmaapystykorva ja ruotsalaisten j\u00e4mtlanninpystykorva.<\/p>\n<p>Norjalaisten k\u00e4ytt\u00e4m\u00e4 koiratyyppi k\u00e4vi sek\u00e4 pys\u00e4ytt\u00e4v\u00e4ksi hirvikoiraksi, ett\u00e4 aavoilla alueilla hirve\u00e4 kytkettyn\u00e4 etsiv\u00e4ksi koiraksi. Saman maan kaksi erilaista pyyntiperinnett\u00e4 hy\u00f6dynsi kumpikin olemassa olevaa koirakantaa. Pys\u00e4ytt\u00e4v\u00e4 ty\u00f6skenteli irti ja haukkumalla, kytkettyn\u00e4 etsiv\u00e4 koira oli haukkumaton. Norjassa on edelleen kahdella tavalla ty\u00f6skentelevi\u00e4 harmaita norjanhirvikoiria ja molemmille on oma koemuotonsa.<\/p>\n<p>Harmaa norjanhirvikoira on Norjan kansallisrotu, mutta sen kehityst\u00e4 on voimakkaasti edist\u00e4nyt my\u00f6s Ruotsi ja Suomi. Rotua esiintyy my\u00f6s yleisesti mm. Englannissa ja Yhdysvalloissa. Suomeen rotu tuli jo 1930-luvulla ja todellisen l\u00e4pimurtonsa se teki 1970-luvulla.<\/p>\n<p>Rodulla on heikosti kehittynyt vahtimisvietti, jonka vuoksi sit\u00e4 voi hyvin\u00a0pit\u00e4\u00e4 my\u00f6s taajamaolosuhteissa. Parhaimmillaan harmaa norjanhirvikoira on hirvijahdissa. Luontaisen leppoisan luonteensa ansioista sill\u00e4 on paimennustaipumus hirven k\u00e4sittelyss\u00e4. Hy\u00f6kk\u00e4\u00e4v\u00e4isyys on rodulle vierasta. Rauhallisuutensa ja hyv\u00e4n hajuaistinsa ansiosta harmaa on my\u00f6s kuin luotu haavoittuneen riistan j\u00e4ljest\u00e4miseen.<\/p>\n<p>Vuosittain rotua rekister\u00f6id\u00e4\u00e4n Suomessa n. 1000 pentua. Rodun suosio johtuu todenn\u00e4k\u00f6isyydest\u00e4, jolla ostajalle osuu k\u00e4ytt\u00f6kelpoinen hirvikoira. Harmaan norjanhirvikoiran hallitsevin ominaisuus, yleisesti ottaen, on eritt\u00e4in voimakas riistaverisyys ja varhaiskypsyys riistaty\u00f6skentelyss\u00e4. &#8221;Hirvihulluus&#8221; on rodun tavaramerkki.<\/p>\n","protected":false},"excerpt":{"rendered":"<p>Ensimm\u00e4isi\u00e4 kirjoituksia t\u00e4m\u00e4n tyyppisist\u00e4 koirista l\u00f6ytyy 1800-luvun alusta, jolloin englantilainen Lloyd oli tavannut Norjassa harmaa norjanhirvikoiran tyyppisi\u00e4 koiria.\u00a0Koiran\u00e4yttelyss\u00e4 Norjassa esiintyi t\u00e4m\u00e4n tyyppisi\u00e4 koiria ensimm\u00e4isen kerran vuonna 1877.\u00a0Vuosisadan alussa ilmestyi ensimm\u00e4inen rotum\u00e4\u00e4ritelm\u00e4. Kantakoirana t\u00e4ss\u00e4 rodussa pidet\u00e4\u00e4n koiraa nimelt\u00e4 Gamle Bamse Gram. Vuosisadan 1800-1900 vaihteessa ruotsalais- norjalainen komitea sai ty\u00f6kseen selvitt\u00e4\u00e4, kuinka silloisista monimuotoisista hirvikoiravariaatioista saatettaisiin kehitt\u00e4\u00e4 [&hellip;]<\/p>\n","protected":false},"author":1,"featured_media":0,"parent":0,"menu_order":0,"comment_status":"closed","ping_status":"closed","template":"page-scs.php","meta":{"footnotes":""},"class_list":["post-26","page","type-page","status-publish","hentry"],"yoast_head":"<!-- This site is optimized with the Yoast SEO plugin v26.6 - https:\/\/yoast.com\/wordpress\/plugins\/seo\/ -->\n<title>Harmaa norjanhirvikoira - Suomen Harmaahirvikoiraj\u00e4rjest\u00f6 - SHHJ FJGK<\/title>\n<meta name=\"robots\" content=\"index, follow, max-snippet:-1, max-image-preview:large, max-video-preview:-1\" \/>\n<link rel=\"canonical\" href=\"https:\/\/shhj.info\/?page_id=26\" \/>\n<meta property=\"og:locale\" content=\"fi_FI\" \/>\n<meta property=\"og:type\" content=\"article\" \/>\n<meta property=\"og:title\" content=\"Harmaa norjanhirvikoira - Suomen Harmaahirvikoiraj\u00e4rjest\u00f6 - SHHJ FJGK\" \/>\n<meta property=\"og:description\" content=\"Ensimm\u00e4isi\u00e4 kirjoituksia t\u00e4m\u00e4n tyyppisist\u00e4 koirista l\u00f6ytyy 1800-luvun alusta, jolloin englantilainen Lloyd oli tavannut Norjassa harmaa norjanhirvikoiran tyyppisi\u00e4 koiria.\u00a0Koiran\u00e4yttelyss\u00e4 Norjassa esiintyi t\u00e4m\u00e4n tyyppisi\u00e4 koiria ensimm\u00e4isen kerran vuonna 1877.\u00a0Vuosisadan alussa ilmestyi ensimm\u00e4inen rotum\u00e4\u00e4ritelm\u00e4. Kantakoirana t\u00e4ss\u00e4 rodussa pidet\u00e4\u00e4n koiraa nimelt\u00e4 Gamle Bamse Gram. Vuosisadan 1800-1900 vaihteessa ruotsalais- norjalainen komitea sai ty\u00f6kseen selvitt\u00e4\u00e4, kuinka silloisista monimuotoisista hirvikoiravariaatioista saatettaisiin kehitt\u00e4\u00e4 [&hellip;]\" \/>\n<meta property=\"og:url\" content=\"https:\/\/shhj.info\/?page_id=26\" \/>\n<meta property=\"og:site_name\" content=\"Suomen Harmaahirvikoiraj\u00e4rjest\u00f6 - SHHJ FJGK\" \/>\n<meta property=\"article:publisher\" content=\"https:\/\/www.facebook.com\/groups\/115740178447653\/\" \/>\n<meta property=\"article:modified_time\" content=\"2015-05-01T07:30:38+00:00\" \/>\n<meta property=\"og:image\" content=\"http:\/\/www.shhj.info\/wp\/wp-content\/uploads\/2015\/04\/harmaa_rotu-300x238.jpg\" \/>\n<meta name=\"twitter:card\" content=\"summary_large_image\" \/>\n<meta name=\"twitter:label1\" content=\"Arvioitu lukuaika\" \/>\n\t<meta name=\"twitter:data1\" content=\"2 minuuttia\" \/>\n<script type=\"application\/ld+json\" class=\"yoast-schema-graph\">{\"@context\":\"https:\/\/schema.org\",\"@graph\":[{\"@type\":\"WebPage\",\"@id\":\"https:\/\/shhj.info\/?page_id=26\",\"url\":\"https:\/\/shhj.info\/?page_id=26\",\"name\":\"Harmaa norjanhirvikoira - Suomen Harmaahirvikoiraj\u00e4rjest\u00f6 - SHHJ FJGK\",\"isPartOf\":{\"@id\":\"https:\/\/shhj.info\/#website\"},\"primaryImageOfPage\":{\"@id\":\"https:\/\/shhj.info\/?page_id=26#primaryimage\"},\"image\":{\"@id\":\"https:\/\/shhj.info\/?page_id=26#primaryimage\"},\"thumbnailUrl\":\"http:\/\/www.shhj.info\/wp\/wp-content\/uploads\/2015\/04\/harmaa_rotu-300x238.jpg\",\"datePublished\":\"2015-04-18T20:12:30+00:00\",\"dateModified\":\"2015-05-01T07:30:38+00:00\",\"breadcrumb\":{\"@id\":\"https:\/\/shhj.info\/?page_id=26#breadcrumb\"},\"inLanguage\":\"fi\",\"potentialAction\":[{\"@type\":\"ReadAction\",\"target\":[\"https:\/\/shhj.info\/?page_id=26\"]}]},{\"@type\":\"ImageObject\",\"inLanguage\":\"fi\",\"@id\":\"https:\/\/shhj.info\/?page_id=26#primaryimage\",\"url\":\"http:\/\/www.shhj.info\/wp\/wp-content\/uploads\/2015\/04\/harmaa_rotu-300x238.jpg\",\"contentUrl\":\"http:\/\/www.shhj.info\/wp\/wp-content\/uploads\/2015\/04\/harmaa_rotu-300x238.jpg\"},{\"@type\":\"BreadcrumbList\",\"@id\":\"https:\/\/shhj.info\/?page_id=26#breadcrumb\",\"itemListElement\":[{\"@type\":\"ListItem\",\"position\":1,\"name\":\"Etusivu\",\"item\":\"https:\/\/shhj.info\/\"},{\"@type\":\"ListItem\",\"position\":2,\"name\":\"Harmaa norjanhirvikoira\"}]},{\"@type\":\"WebSite\",\"@id\":\"https:\/\/shhj.info\/#website\",\"url\":\"https:\/\/shhj.info\/\",\"name\":\"Suomen Harmaahirvikoiraj\u00e4rjest\u00f6 - SHHJ FJGK\",\"description\":\"parhaiden hirvikoirarotujen rotuj\u00e4rjest\u00f6 Suomessa\",\"publisher\":{\"@id\":\"https:\/\/shhj.info\/#organization\"},\"alternateName\":\"SHHJ FJGK\",\"potentialAction\":[{\"@type\":\"SearchAction\",\"target\":{\"@type\":\"EntryPoint\",\"urlTemplate\":\"https:\/\/shhj.info\/?s={search_term_string}\"},\"query-input\":{\"@type\":\"PropertyValueSpecification\",\"valueRequired\":true,\"valueName\":\"search_term_string\"}}],\"inLanguage\":\"fi\"},{\"@type\":\"Organization\",\"@id\":\"https:\/\/shhj.info\/#organization\",\"name\":\"Suomen Harmaahirvikoiraj\u00e4rjest\u00f6 - SHHJ FJGK\",\"url\":\"https:\/\/shhj.info\/\",\"logo\":{\"@type\":\"ImageObject\",\"inLanguage\":\"fi\",\"@id\":\"https:\/\/shhj.info\/#\/schema\/logo\/image\/\",\"url\":\"http:\/\/shhj.info\/wp\/wp-content\/uploads\/2018\/12\/logo.gif\",\"contentUrl\":\"http:\/\/shhj.info\/wp\/wp-content\/uploads\/2018\/12\/logo.gif\",\"width\":169,\"height\":166,\"caption\":\"Suomen Harmaahirvikoiraj\u00e4rjest\u00f6 - SHHJ FJGK\"},\"image\":{\"@id\":\"https:\/\/shhj.info\/#\/schema\/logo\/image\/\"},\"sameAs\":[\"https:\/\/www.facebook.com\/groups\/115740178447653\/\"]}]}<\/script>\n<!-- \/ Yoast SEO plugin. -->","yoast_head_json":{"title":"Harmaa norjanhirvikoira - Suomen Harmaahirvikoiraj\u00e4rjest\u00f6 - SHHJ FJGK","robots":{"index":"index","follow":"follow","max-snippet":"max-snippet:-1","max-image-preview":"max-image-preview:large","max-video-preview":"max-video-preview:-1"},"canonical":"https:\/\/shhj.info\/?page_id=26","og_locale":"fi_FI","og_type":"article","og_title":"Harmaa norjanhirvikoira - Suomen Harmaahirvikoiraj\u00e4rjest\u00f6 - SHHJ FJGK","og_description":"Ensimm\u00e4isi\u00e4 kirjoituksia t\u00e4m\u00e4n tyyppisist\u00e4 koirista l\u00f6ytyy 1800-luvun alusta, jolloin englantilainen Lloyd oli tavannut Norjassa harmaa norjanhirvikoiran tyyppisi\u00e4 koiria.\u00a0Koiran\u00e4yttelyss\u00e4 Norjassa esiintyi t\u00e4m\u00e4n tyyppisi\u00e4 koiria ensimm\u00e4isen kerran vuonna 1877.\u00a0Vuosisadan alussa ilmestyi ensimm\u00e4inen rotum\u00e4\u00e4ritelm\u00e4. Kantakoirana t\u00e4ss\u00e4 rodussa pidet\u00e4\u00e4n koiraa nimelt\u00e4 Gamle Bamse Gram. Vuosisadan 1800-1900 vaihteessa ruotsalais- norjalainen komitea sai ty\u00f6kseen selvitt\u00e4\u00e4, kuinka silloisista monimuotoisista hirvikoiravariaatioista saatettaisiin kehitt\u00e4\u00e4 [&hellip;]","og_url":"https:\/\/shhj.info\/?page_id=26","og_site_name":"Suomen Harmaahirvikoiraj\u00e4rjest\u00f6 - SHHJ FJGK","article_publisher":"https:\/\/www.facebook.com\/groups\/115740178447653\/","article_modified_time":"2015-05-01T07:30:38+00:00","og_image":[{"url":"http:\/\/www.shhj.info\/wp\/wp-content\/uploads\/2015\/04\/harmaa_rotu-300x238.jpg","type":"","width":"","height":""}],"twitter_card":"summary_large_image","twitter_misc":{"Arvioitu lukuaika":"2 minuuttia"},"schema":{"@context":"https:\/\/schema.org","@graph":[{"@type":"WebPage","@id":"https:\/\/shhj.info\/?page_id=26","url":"https:\/\/shhj.info\/?page_id=26","name":"Harmaa norjanhirvikoira - Suomen Harmaahirvikoiraj\u00e4rjest\u00f6 - SHHJ FJGK","isPartOf":{"@id":"https:\/\/shhj.info\/#website"},"primaryImageOfPage":{"@id":"https:\/\/shhj.info\/?page_id=26#primaryimage"},"image":{"@id":"https:\/\/shhj.info\/?page_id=26#primaryimage"},"thumbnailUrl":"http:\/\/www.shhj.info\/wp\/wp-content\/uploads\/2015\/04\/harmaa_rotu-300x238.jpg","datePublished":"2015-04-18T20:12:30+00:00","dateModified":"2015-05-01T07:30:38+00:00","breadcrumb":{"@id":"https:\/\/shhj.info\/?page_id=26#breadcrumb"},"inLanguage":"fi","potentialAction":[{"@type":"ReadAction","target":["https:\/\/shhj.info\/?page_id=26"]}]},{"@type":"ImageObject","inLanguage":"fi","@id":"https:\/\/shhj.info\/?page_id=26#primaryimage","url":"http:\/\/www.shhj.info\/wp\/wp-content\/uploads\/2015\/04\/harmaa_rotu-300x238.jpg","contentUrl":"http:\/\/www.shhj.info\/wp\/wp-content\/uploads\/2015\/04\/harmaa_rotu-300x238.jpg"},{"@type":"BreadcrumbList","@id":"https:\/\/shhj.info\/?page_id=26#breadcrumb","itemListElement":[{"@type":"ListItem","position":1,"name":"Etusivu","item":"https:\/\/shhj.info\/"},{"@type":"ListItem","position":2,"name":"Harmaa norjanhirvikoira"}]},{"@type":"WebSite","@id":"https:\/\/shhj.info\/#website","url":"https:\/\/shhj.info\/","name":"Suomen Harmaahirvikoiraj\u00e4rjest\u00f6 - SHHJ FJGK","description":"parhaiden hirvikoirarotujen rotuj\u00e4rjest\u00f6 Suomessa","publisher":{"@id":"https:\/\/shhj.info\/#organization"},"alternateName":"SHHJ FJGK","potentialAction":[{"@type":"SearchAction","target":{"@type":"EntryPoint","urlTemplate":"https:\/\/shhj.info\/?s={search_term_string}"},"query-input":{"@type":"PropertyValueSpecification","valueRequired":true,"valueName":"search_term_string"}}],"inLanguage":"fi"},{"@type":"Organization","@id":"https:\/\/shhj.info\/#organization","name":"Suomen Harmaahirvikoiraj\u00e4rjest\u00f6 - SHHJ FJGK","url":"https:\/\/shhj.info\/","logo":{"@type":"ImageObject","inLanguage":"fi","@id":"https:\/\/shhj.info\/#\/schema\/logo\/image\/","url":"http:\/\/shhj.info\/wp\/wp-content\/uploads\/2018\/12\/logo.gif","contentUrl":"http:\/\/shhj.info\/wp\/wp-content\/uploads\/2018\/12\/logo.gif","width":169,"height":166,"caption":"Suomen Harmaahirvikoiraj\u00e4rjest\u00f6 - SHHJ FJGK"},"image":{"@id":"https:\/\/shhj.info\/#\/schema\/logo\/image\/"},"sameAs":["https:\/\/www.facebook.com\/groups\/115740178447653\/"]}]}},"_links":{"self":[{"href":"https:\/\/shhj.info\/index.php?rest_route=\/wp\/v2\/pages\/26","targetHints":{"allow":["GET"]}}],"collection":[{"href":"https:\/\/shhj.info\/index.php?rest_route=\/wp\/v2\/pages"}],"about":[{"href":"https:\/\/shhj.info\/index.php?rest_route=\/wp\/v2\/types\/page"}],"author":[{"embeddable":true,"href":"https:\/\/shhj.info\/index.php?rest_route=\/wp\/v2\/users\/1"}],"replies":[{"embeddable":true,"href":"https:\/\/shhj.info\/index.php?rest_route=%2Fwp%2Fv2%2Fcomments&post=26"}],"version-history":[{"count":8,"href":"https:\/\/shhj.info\/index.php?rest_route=\/wp\/v2\/pages\/26\/revisions"}],"predecessor-version":[{"id":526,"href":"https:\/\/shhj.info\/index.php?rest_route=\/wp\/v2\/pages\/26\/revisions\/526"}],"wp:attachment":[{"href":"https:\/\/shhj.info\/index.php?rest_route=%2Fwp%2Fv2%2Fmedia&parent=26"}],"curies":[{"name":"wp","href":"https:\/\/api.w.org\/{rel}","templated":true}]}}